{"id":25957368,"date":"2025-11-12T13:24:06","date_gmt":"2025-11-12T12:24:06","guid":{"rendered":"https:\/\/gruppoguerci.it\/?page_id=25957368"},"modified":"2025-11-17T18:57:53","modified_gmt":"2025-11-17T17:57:53","slug":"chi-siamo","status":"publish","type":"page","link":"https:\/\/gruppoguerci.it\/index.php\/chi-siamo\/","title":{"rendered":"Chi Siamo"},"content":{"rendered":"<p>[et_pb_section fb_built=&#8221;1&#8243; custom_padding_last_edited=&#8221;on|phone&#8221; _builder_version=&#8221;4.27.4&#8243; _module_preset=&#8221;default&#8221; background_color=&#8221;rgba(0,0,0,0.29)&#8221; background_image=&#8221;https:\/\/gruppoguerci.it\/wp-content\/uploads\/2025\/11\/Progetto-senza-titolo.png&#8221; background_blend=&#8221;overlay&#8221; custom_padding=&#8221;150px||150px||false|false&#8221; custom_padding_tablet=&#8221;150px||150px||false|false&#8221; custom_padding_phone=&#8221;150px||70px||false|false&#8221; hover_enabled=&#8221;0&#8243; global_colors_info=&#8221;{}&#8221; sticky_enabled=&#8221;0&#8243; title_text=&#8221;Progetto senza titolo&#8221;][et_pb_row _builder_version=&#8221;4.27.4&#8243; _module_preset=&#8221;default&#8221; width=&#8221;90%&#8221; global_colors_info=&#8221;{}&#8221;][et_pb_column type=&#8221;4_4&#8243; _builder_version=&#8221;4.27.4&#8243; _module_preset=&#8221;default&#8221; global_colors_info=&#8221;{}&#8221;][et_pb_heading title=&#8221;Tradizione di mare. Passione di famiglia.&#8221; _builder_version=&#8221;4.27.4&#8243; _module_preset=&#8221;default&#8221; title_font=&#8221;Montserrat|700||on|||||&#8221; title_text_align=&#8221;center&#8221; title_text_color=&#8221;#FFFFFF&#8221; title_font_size=&#8221;50px&#8221; title_line_height=&#8221;1.1em&#8221; custom_margin=&#8221;||18px|||&#8221; title_font_size_tablet=&#8221;50px&#8221; title_font_size_phone=&#8221;28px&#8221; title_font_size_last_edited=&#8221;on|phone&#8221; title_line_height_tablet=&#8221;1.1em&#8221; title_line_height_phone=&#8221;1.2em&#8221; title_line_height_last_edited=&#8221;on|phone&#8221; global_colors_info=&#8221;{}&#8221;][\/et_pb_heading][et_pb_text _builder_version=&#8221;4.27.4&#8243; _module_preset=&#8221;default&#8221; text_font=&#8221;Montserrat|600|||||||&#8221; text_text_color=&#8221;#FFFFFF&#8221; text_font_size=&#8221;18px&#8221; text_line_height=&#8221;1.6em&#8221; text_orientation=&#8221;center&#8221; global_colors_info=&#8221;{}&#8221;]<\/p>\n<p>Da oltre settant\u2019anni, Guerci \u00e8 un punto di riferimento per chi ama il pesce fresco e la cucina di qualit\u00e0.<\/p>\n<p>La nostra storia nasce nel cuore di Siracusa, come piccola pescheria di quartiere guidata dalla famiglia Guerci.<\/p>\n<p>Con il tempo, la passione per il mare si \u00e8 trasformata in un progetto pi\u00f9 ampio: selezionare ogni giorno il miglior pescato, lavorarlo con cura artigianale e portarlo in tavola con rispetto e semplicit\u00e0.<\/p>\n<p>Oggi Gruppo Guerci unisce esperienza, tradizione e spirito innovativo. Ogni piatto racconta un pezzo di Sicilia: il profumo del mare, la freschezza del pescato, l\u2019ospitalit\u00e0 sincera di una famiglia che da generazioni mette al centro il cliente.\u00a0<\/p>\n<p>[\/et_pb_text][\/et_pb_column][\/et_pb_row][\/et_pb_section][et_pb_section fb_built=&#8221;1&#8243; _builder_version=&#8221;4.27.4&#8243; _module_preset=&#8221;default&#8221; background_color=&#8221;#a9e9df&#8221; background_image=&#8221;https:\/\/gruppoguerci.it\/wp-content\/uploads\/2025\/01\/Progetto-senza-titolo-8.png&#8221; background_size=&#8221;stretch&#8221; global_colors_info=&#8221;{}&#8221;][et_pb_row _builder_version=&#8221;4.27.4&#8243; _module_preset=&#8221;default&#8221; global_colors_info=&#8221;{}&#8221;][et_pb_column type=&#8221;4_4&#8243; _builder_version=&#8221;4.27.4&#8243; _module_preset=&#8221;default&#8221; global_colors_info=&#8221;{}&#8221;][et_pb_heading title=&#8221; I NOSTRI VALORI&#8221; _builder_version=&#8221;4.27.4&#8243; _module_preset=&#8221;default&#8221; title_font=&#8221;Montserrat|700|||||||&#8221; title_text_align=&#8221;center&#8221; title_text_color=&#8221;#FFFFFF&#8221; title_font_size=&#8221;50px&#8221; custom_margin=&#8221;||18px|||&#8221; title_font_size_tablet=&#8221;50px&#8221; title_font_size_phone=&#8221;30px&#8221; title_font_size_last_edited=&#8221;on|phone&#8221; locked=&#8221;off&#8221; global_colors_info=&#8221;{}&#8221;][\/et_pb_heading][\/et_pb_column][\/et_pb_row][et_pb_row column_structure=&#8221;1_2,1_2&#8243; use_custom_gutter=&#8221;on&#8221; gutter_width=&#8221;2&#8243; _builder_version=&#8221;4.27.4&#8243; _module_preset=&#8221;default&#8221; width=&#8221;90%&#8221; custom_padding=&#8221;0px||||false|false&#8221; global_colors_info=&#8221;{}&#8221;][et_pb_column type=&#8221;1_2&#8243; _builder_version=&#8221;4.27.4&#8243; _module_preset=&#8221;default&#8221; background_color=&#8221;#ffffff&#8221; custom_padding=&#8221;20px|30px|20px|30px|true|true&#8221; border_radii=&#8221;on|10px|10px|10px|10px&#8221; border_width_all=&#8221;2px&#8221; border_color_all=&#8221;#eaeaea&#8221; border_width_all_last_edited=&#8221;off|desktop&#8221; global_colors_info=&#8221;{}&#8221; border_color_all__hover_enabled=&#8221;on|hover&#8221; border_color_all__hover=&#8221;#1C3F60&#8243;][et_pb_blurb title=&#8221;Qualit\u00e0&#8221; _builder_version=&#8221;4.27.4&#8243; _module_preset=&#8221;default&#8221; header_font=&#8221;Montserrat|600|||||||&#8221; header_text_color=&#8221;#228ec3&#8243; header_font_size=&#8221;28px&#8221; body_font=&#8221;Montserrat|300|||||||&#8221; body_text_align=&#8221;left&#8221; body_text_color=&#8221;#000000&#8243; body_font_size=&#8221;18px&#8221; body_line_height=&#8221;1.6em&#8221; header_font_size_tablet=&#8221;28px&#8221; header_font_size_phone=&#8221;24px&#8221; header_font_size_last_edited=&#8221;on|phone&#8221; body_font_size_tablet=&#8221;18px&#8221; body_font_size_phone=&#8221;16px&#8221; body_font_size_last_edited=&#8221;on|phone&#8221; custom_css_blurb_title=&#8221;margin-bottom:10px;&#8221; global_colors_info=&#8221;{}&#8221;]<\/p>\n<p>Selezioniamo solo pescato fresco e controllato, lavorato quotidianamente nei nostri laboratori.<\/p>\n<p>[\/et_pb_blurb][\/et_pb_column][et_pb_column type=&#8221;1_2&#8243; _builder_version=&#8221;4.27.4&#8243; _module_preset=&#8221;default&#8221; background_color=&#8221;#ffffff&#8221; custom_padding=&#8221;20px|30px|20px|30px|true|true&#8221; border_radii=&#8221;on|10px|10px|10px|10px&#8221; border_width_all=&#8221;2px&#8221; border_color_all=&#8221;#eaeaea&#8221; border_width_all_last_edited=&#8221;off|desktop&#8221; global_colors_info=&#8221;{}&#8221; border_color_all__hover_enabled=&#8221;on|hover&#8221; border_color_all__hover=&#8221;#1C3F60&#8243;][et_pb_blurb title=&#8221;Trasparenza&#8221; _builder_version=&#8221;4.27.4&#8243; _module_preset=&#8221;default&#8221; header_font=&#8221;Montserrat|600|||||||&#8221; header_text_color=&#8221;#228ec3&#8243; header_font_size=&#8221;28px&#8221; body_font=&#8221;Montserrat|300|||||||&#8221; body_text_color=&#8221;#000000&#8243; body_font_size=&#8221;18px&#8221; body_line_height=&#8221;1.6em&#8221; header_font_size_tablet=&#8221;28px&#8221; header_font_size_phone=&#8221;24px&#8221; header_font_size_last_edited=&#8221;on|phone&#8221; body_font_size_tablet=&#8221;18px&#8221; body_font_size_phone=&#8221;16px&#8221; body_font_size_last_edited=&#8221;on|phone&#8221; custom_css_blurb_title=&#8221;margin-bottom:10px;&#8221; global_colors_info=&#8221;{}&#8221;]<\/p>\n<p>Dalla provenienza del prodotto alla preparazione,<br \/>ogni fase \u00e8 tracciabile e chiara<\/p>\n<p>[\/et_pb_blurb][\/et_pb_column][\/et_pb_row][et_pb_row column_structure=&#8221;1_2,1_2&#8243; use_custom_gutter=&#8221;on&#8221; gutter_width=&#8221;2&#8243; make_equal=&#8221;on&#8221; _builder_version=&#8221;4.27.4&#8243; _module_preset=&#8221;default&#8221; width=&#8221;90%&#8221; custom_padding=&#8221;0px||||false|false&#8221; global_colors_info=&#8221;{}&#8221;][et_pb_column type=&#8221;1_2&#8243; _builder_version=&#8221;4.27.4&#8243; _module_preset=&#8221;default&#8221; background_color=&#8221;#ffffff&#8221; custom_padding=&#8221;20px|30px|20px|30px|true|true&#8221; border_radii=&#8221;on|10px|10px|10px|10px&#8221; border_width_all=&#8221;2px&#8221; border_color_all=&#8221;#eaeaea&#8221; border_width_all_last_edited=&#8221;off|desktop&#8221; global_colors_info=&#8221;{}&#8221; border_color_all__hover_enabled=&#8221;on|hover&#8221; border_color_all__hover=&#8221;#1C3F60&#8243;][et_pb_blurb title=&#8221;Tradizione&#8221; _builder_version=&#8221;4.27.4&#8243; _module_preset=&#8221;default&#8221; header_font=&#8221;Montserrat|600|||||||&#8221; header_text_color=&#8221;#228ec3&#8243; header_font_size=&#8221;28px&#8221; body_font=&#8221;Montserrat|300|||||||&#8221; body_text_color=&#8221;#000000&#8243; body_font_size=&#8221;18px&#8221; body_line_height=&#8221;1.6em&#8221; header_font_size_tablet=&#8221;28px&#8221; header_font_size_phone=&#8221;24px&#8221; header_font_size_last_edited=&#8221;on|phone&#8221; body_font_size_tablet=&#8221;18px&#8221; body_font_size_phone=&#8221;16px&#8221; body_font_size_last_edited=&#8221;on|phone&#8221; custom_css_blurb_title=&#8221;margin-bottom:10px;&#8221; global_colors_info=&#8221;{}&#8221;]<\/p>\n<p>Ogni ricetta nasce da tecniche di lavorazione<br \/>tramandate nel tempo, arricchite da una visione moderna.<\/p>\n<p>[\/et_pb_blurb][\/et_pb_column][et_pb_column type=&#8221;1_2&#8243; _builder_version=&#8221;4.27.4&#8243; _module_preset=&#8221;default&#8221; background_color=&#8221;#ffffff&#8221; custom_padding=&#8221;20px|30px|20px|30px|true|true&#8221; border_radii=&#8221;on|10px|10px|10px|10px&#8221; border_width_all=&#8221;2px&#8221; border_color_all=&#8221;#eaeaea&#8221; border_width_all_last_edited=&#8221;off|desktop&#8221; global_colors_info=&#8221;{}&#8221; border_color_all__hover_enabled=&#8221;on|hover&#8221; border_color_all__hover=&#8221;#1C3F60&#8243;][et_pb_blurb title=&#8221;Accoglienza&#8221; _builder_version=&#8221;4.27.4&#8243; _module_preset=&#8221;default&#8221; header_font=&#8221;Montserrat|600|||||||&#8221; header_text_color=&#8221;#228ec3&#8243; header_font_size=&#8221;28px&#8221; body_font=&#8221;Montserrat|300|||||||&#8221; body_text_color=&#8221;#000000&#8243; body_font_size=&#8221;18px&#8221; body_line_height=&#8221;1.6em&#8221; header_font_size_tablet=&#8221;28px&#8221; header_font_size_phone=&#8221;24px&#8221; header_font_size_last_edited=&#8221;on|phone&#8221; body_font_size_tablet=&#8221;18px&#8221; body_font_size_phone=&#8221;16px&#8221; body_font_size_last_edited=&#8221;on|phone&#8221; custom_css_blurb_title=&#8221;margin-bottom:10px;&#8221; global_colors_info=&#8221;{}&#8221;]<\/p>\n<p>Offriamo ai nostri clienti un\u2019esperienza autentica,<br \/>fatta di rispetto, gentilezza e passione.<\/p>\n<p>[\/et_pb_blurb][\/et_pb_column][\/et_pb_row][\/et_pb_section][et_pb_section fb_built=&#8221;1&#8243; custom_padding_last_edited=&#8221;on|phone&#8221; _builder_version=&#8221;4.27.4&#8243; background_color=&#8221;#367da3&#8243; background_enable_image=&#8221;off&#8221; background_blend=&#8221;screen&#8221; custom_padding=&#8221;100px||120px||false|false&#8221; custom_padding_tablet=&#8221;80px||80px||false|false&#8221; custom_padding_phone=&#8221;60px||60px||false|false&#8221; locked=&#8221;off&#8221; collapsed=&#8221;off&#8221; global_colors_info=&#8221;{}&#8221;][et_pb_row _builder_version=&#8221;4.27.4&#8243; _module_preset=&#8221;default&#8221; global_colors_info=&#8221;{}&#8221;][et_pb_column type=&#8221;4_4&#8243; _builder_version=&#8221;4.27.4&#8243; _module_preset=&#8221;default&#8221; global_colors_info=&#8221;{}&#8221;][et_pb_heading title=&#8221;Il Team&#8221; _builder_version=&#8221;4.27.4&#8243; _module_preset=&#8221;default&#8221; title_font=&#8221;Montserrat|900||on|||||&#8221; title_text_align=&#8221;center&#8221; title_text_color=&#8221;#a9eadf&#8221; title_font_size=&#8221;11vw&#8221; global_colors_info=&#8221;{}&#8221;][\/et_pb_heading][\/et_pb_column][\/et_pb_row][et_pb_row column_structure=&#8221;1_4,1_4,1_4,1_4&#8243; use_custom_gutter=&#8221;on&#8221; gutter_width=&#8221;2&#8243; _builder_version=&#8221;4.27.4&#8243; background_enable_color=&#8221;off&#8221; width_tablet=&#8221;90%&#8221; width_phone=&#8221;&#8221; width_last_edited=&#8221;on|phone&#8221; max_width=&#8221;1400px&#8221; module_alignment=&#8221;center&#8221; custom_padding=&#8221;||||false|false&#8221; global_colors_info=&#8221;{}&#8221;][et_pb_column type=&#8221;1_4&#8243; _builder_version=&#8221;4.16&#8243; global_colors_info=&#8221;{}&#8221;][dipi_hover_box content_title=&#8221;Maurizio Guerci &#8221; content_image_width=&#8221;80px&#8221; body_text=&#8221;<\/p>\n<p>&nbsp;<\/p>\n<p>Responsabile Vendite<\/p>\n<p>&#8221; content_hover_title=&#8221;Maurizio Guerci &#8221; content_hover_content=&#8221;Da oltre vent\u2019anni \u00e8 il punto di riferimento per la pianificazione e la distribuzione dei prodotti Guerci. Conosce ogni fase della filiera, dal pescato alla vendita, e coordina le attivit\u00e0 commerciali con attenzione e visione. La sua esperienza garantisce continuit\u00e0, organizzazione e una relazione diretta con ogni cliente.<br \/>\n&#8221; hover_type=&#8221;fade&#8221; hover_box_align_front=&#8221;bottom&#8221; content_bg_color=&#8221;#ffffff&#8221; content_hover_bg_color=&#8221;#a9eadf&#8221; content_bg_use_color_gradient=&#8221;on&#8221; content_bg_color_gradient_stops=&#8221;rgba(21,2,42,0) 55%|rgba(21,2,42,0.53) 77%&#8221; content_bg_color_gradient_overlays_image=&#8221;on&#8221; content_bg_color_gradient_start=&#8221;rgba(21,2,42,0)&#8221; content_bg_color_gradient_start_position=&#8221;55%&#8221; content_bg_color_gradient_end=&#8221;rgba(21,2,42,0.53)&#8221; content_bg_color_gradient_end_position=&#8221;77%&#8221; content_bg_image=&#8221;https:\/\/gruppoguerci.it\/wp-content\/uploads\/2025\/11\/MAURIZIO-GUERCI.png&#8221; content_bg_size=&#8221;contain&#8221; content_bg_blend=&#8221;multiply&#8221; _builder_version=&#8221;4.27.4&#8243; content_title_font=&#8221;||||||||&#8221; content_title_text_color=&#8221;#ffffff&#8221; content_title_font_size=&#8221;24px&#8221; content_title_line_height=&#8221;1em&#8221; content_desc_font=&#8221;|700||on|||||&#8221; content_desc_text_color=&#8221;#ff4200&#8243; content_desc_font_size=&#8221;12px&#8221; content_desc_letter_spacing=&#8221;2px&#8221; content_desc_line_height=&#8221;0em&#8221; content_hover_title_font=&#8221;|600|||||||&#8221; content_hover_title_text_color=&#8221;gcid-primary-color&#8221; content_hover_title_font_size=&#8221;24px&#8221; content_hover_title_line_height=&#8221;0.8em&#8221; content_hover_desc_font=&#8221;||||||||&#8221; content_hover_desc_text_color=&#8221;gcid-d6fbdfcc-68f7-43b2-8269-815a9019fb41&#8243; content_hover_desc_font_size=&#8221;14px&#8221; content_hover_desc_line_height=&#8221;1.6em&#8221; custom_padding=&#8221;||||false|false&#8221; hover_enabled=&#8221;0&#8243; border_radii=&#8221;on|10px|10px|10px|10px&#8221; border_radii_content_image=&#8221;on|200px|200px|200px|200px&#8221; box_shadow_style=&#8221;preset1&#8243; box_shadow_vertical=&#8221;20px&#8221; box_shadow_blur=&#8221;60px&#8221; box_shadow_color=&#8221;rgba(21,2,42,0.1)&#8221; box_shadow_style_content_image=&#8221;preset3&#8243; global_colors_info=&#8221;{%22gcid-primary-color%22:%91%22content_hover_title_text_color%22%93,%22gcid-d6fbdfcc-68f7-43b2-8269-815a9019fb41%22:%91%22content_hover_desc_text_color%22%93}&#8221; overlay_bg_color_gradient_type_tablet=&#8221;linear&#8221; overlay_bg_color_gradient_type_phone=&#8221;linear&#8221; overlay_bg_color_gradient_type__hover=&#8221;linear&#8221; image_bg_color_gradient_type__hover=&#8221;linear&#8221; sticky_enabled=&#8221;0&#8243;][\/dipi_hover_box][\/et_pb_column][et_pb_column type=&#8221;1_4&#8243; _builder_version=&#8221;4.16&#8243; global_colors_info=&#8221;{}&#8221;][dipi_hover_box content_title=&#8221;Marco Guerci&#8221; content_image_width=&#8221;80px&#8221; body_text=&#8221;<\/p>\n<p>&nbsp;<\/p>\n<p>Responsabile Tecnico<\/p>\n<p>&nbsp;<\/p>\n<p>Amministratore<\/p>\n<p>Unico<\/p>\n<p>&#8221; content_hover_title=&#8221;Marco Guerci&#8221; content_hover_content=&#8221;Cresciuto tra la tradizione familiare e la passione per il mare, supervisiona i processi produttivi e il coordinamento con fornitori e clienti. Si occupa di garantire efficienza, qualit\u00e0 e rispetto delle normative, unendo rigore tecnico e spirito artigianale. Il suo obiettivo \u00e8 mantenere alto il livello di affidabilit\u00e0 che da sempre distingue il marchio Guerci.<br \/>\n&#8221; hover_type=&#8221;fade&#8221; hover_box_align_front=&#8221;bottom&#8221; content_bg_color=&#8221;#ffffff&#8221; content_hover_bg_color=&#8221;#a9eadf&#8221; content_bg_use_color_gradient=&#8221;on&#8221; content_bg_color_gradient_stops=&#8221;rgba(21,2,42,0) 55%|rgba(21,2,42,0.53) 77%&#8221; content_bg_color_gradient_overlays_image=&#8221;on&#8221; content_bg_color_gradient_start=&#8221;rgba(21,2,42,0)&#8221; content_bg_color_gradient_start_position=&#8221;55%&#8221; content_bg_color_gradient_end=&#8221;rgba(21,2,42,0.53)&#8221; content_bg_color_gradient_end_position=&#8221;77%&#8221; content_bg_image=&#8221;https:\/\/gruppoguerci.it\/wp-content\/uploads\/2025\/11\/MARCO-GUERCI.jpg&#8221; content_bg_blend=&#8221;multiply&#8221; _builder_version=&#8221;4.27.4&#8243; header_font=&#8221;|600|||||||&#8221; content_title_font=&#8221;|700|||||||&#8221; content_title_text_color=&#8221;#ffffff&#8221; content_title_font_size=&#8221;24px&#8221; content_title_line_height=&#8221;1em&#8221; content_desc_font=&#8221;|700||on|||||&#8221; content_desc_text_color=&#8221;#ff4200&#8243; content_desc_font_size=&#8221;12px&#8221; content_desc_letter_spacing=&#8221;2px&#8221; content_desc_line_height=&#8221;0em&#8221; content_hover_title_font=&#8221;|700|||||||&#8221; content_hover_title_font_size=&#8221;24px&#8221; content_hover_title_line_height=&#8221;0.8em&#8221; content_hover_desc_font=&#8221;||||||||&#8221; content_hover_desc_font_size=&#8221;14px&#8221; content_hover_desc_line_height=&#8221;1.6em&#8221; custom_padding=&#8221;||||false|false&#8221; hover_enabled=&#8221;0&#8243; border_radii=&#8221;on|10px|10px|10px|10px&#8221; border_radii_content_image=&#8221;on|200px|200px|200px|200px&#8221; box_shadow_style=&#8221;preset1&#8243; box_shadow_vertical=&#8221;20px&#8221; box_shadow_blur=&#8221;60px&#8221; box_shadow_color=&#8221;rgba(21,2,42,0.1)&#8221; box_shadow_style_content_image=&#8221;preset3&#8243; global_colors_info=&#8221;{%22gcid-primary-color%22:%91%22content_hover_title_text_color%22%93,%22gcid-d6fbdfcc-68f7-43b2-8269-815a9019fb41%22:%91%22content_hover_desc_text_color%22%93}&#8221; overlay_bg_color_gradient_type_tablet=&#8221;linear&#8221; overlay_bg_color_gradient_type_phone=&#8221;linear&#8221; overlay_bg_color_gradient_type__hover=&#8221;linear&#8221; image_bg_color_gradient_type__hover=&#8221;linear&#8221; content_hover_title_text_color=&#8221;gcid-primary-color&#8221; content_hover_desc_text_color=&#8221;gcid-d6fbdfcc-68f7-43b2-8269-815a9019fb41&#8243; sticky_enabled=&#8221;0&#8243;][\/dipi_hover_box][\/et_pb_column][et_pb_column type=&#8221;1_4&#8243; _builder_version=&#8221;4.16&#8243; global_colors_info=&#8221;{}&#8221;][dipi_hover_box content_title=&#8221;Lucia Mingrino&#8221; content_image_width=&#8221;80px&#8221; body_text=&#8221;<\/p>\n<p>&nbsp;<\/p>\n<p>Direzione<\/p>\n<p>Amministrativa<\/p>\n<p>&nbsp;<\/p>\n<p>Rapporti con<\/p>\n<p>Istituzioni e Crediti<\/p>\n<p>&#8221; content_hover_title=&#8221;Lucia Mingrino&#8221; content_hover_content=&#8221;Gestisce con precisione e professionalit\u00e0 le relazioni con enti e istituzioni, curando gli aspetti amministrativi e finanziari dell\u2019azienda. Il suo contributo assicura stabilit\u00e0 gestionale e solidit\u00e0 nelle collaborazioni esterne, con un approccio concreto e affidabile<br \/>\n&#8221; hover_type=&#8221;fade&#8221; hover_box_align_front=&#8221;bottom&#8221; content_bg_color=&#8221;#ffffff&#8221; content_hover_bg_color=&#8221;#a9eadf&#8221; content_bg_use_color_gradient=&#8221;on&#8221; content_bg_color_gradient_stops=&#8221;rgba(21,2,42,0) 55%|rgba(21,2,42,0.53) 77%&#8221; content_bg_color_gradient_overlays_image=&#8221;on&#8221; content_bg_color_gradient_start=&#8221;rgba(21,2,42,0)&#8221; content_bg_color_gradient_start_position=&#8221;55%&#8221; content_bg_color_gradient_end=&#8221;rgba(21,2,42,0.53)&#8221; content_bg_color_gradient_end_position=&#8221;77%&#8221; content_bg_image=&#8221;https:\/\/gruppoguerci.it\/wp-content\/uploads\/2025\/01\/cropped-Progetto-senza-titolo-8.png&#8221; content_bg_blend=&#8221;multiply&#8221; _builder_version=&#8221;4.27.4&#8243; content_title_font=&#8221;|700|||||||&#8221; content_title_text_color=&#8221;#ffffff&#8221; content_title_font_size=&#8221;24px&#8221; content_title_line_height=&#8221;1em&#8221; content_desc_font=&#8221;|700||on|||||&#8221; content_desc_text_color=&#8221;#ff4200&#8243; content_desc_font_size=&#8221;12px&#8221; content_desc_letter_spacing=&#8221;2px&#8221; content_desc_line_height=&#8221;0em&#8221; content_hover_title_font=&#8221;|700|||||||&#8221; content_hover_title_font_size=&#8221;24px&#8221; content_hover_title_line_height=&#8221;0.8em&#8221; content_hover_desc_font=&#8221;||||||||&#8221; content_hover_desc_font_size=&#8221;14px&#8221; content_hover_desc_line_height=&#8221;1.6em&#8221; custom_padding=&#8221;||||false|false&#8221; hover_enabled=&#8221;0&#8243; border_radii=&#8221;on|10px|10px|10px|10px&#8221; border_radii_content_image=&#8221;on|200px|200px|200px|200px&#8221; box_shadow_style=&#8221;preset1&#8243; box_shadow_vertical=&#8221;20px&#8221; box_shadow_blur=&#8221;60px&#8221; box_shadow_color=&#8221;rgba(21,2,42,0.1)&#8221; box_shadow_style_content_image=&#8221;preset3&#8243; global_colors_info=&#8221;{%22gcid-primary-color%22:%91%22content_hover_title_text_color%22%93,%22gcid-d6fbdfcc-68f7-43b2-8269-815a9019fb41%22:%91%22content_hover_desc_text_color%22%93}&#8221; overlay_bg_color_gradient_type_tablet=&#8221;linear&#8221; overlay_bg_color_gradient_type_phone=&#8221;linear&#8221; overlay_bg_color_gradient_type__hover=&#8221;linear&#8221; image_bg_color_gradient_type__hover=&#8221;linear&#8221; sticky_enabled=&#8221;0&#8243; content_hover_bg_enable_color=&#8221;on&#8221; content_hover_title_text_color=&#8221;gcid-primary-color&#8221; content_hover_desc_text_color=&#8221;gcid-d6fbdfcc-68f7-43b2-8269-815a9019fb41&#8243;][\/dipi_hover_box][\/et_pb_column][et_pb_column type=&#8221;1_4&#8243; _builder_version=&#8221;4.16&#8243; global_colors_info=&#8221;{}&#8221;][dipi_hover_box content_title=&#8221;Valeria Baccellino&#8221; content_image_width=&#8221;80px&#8221; body_text=&#8221;<\/p>\n<p>&nbsp;<\/p>\n<p>Direzione<\/p>\n<p>Amministrativa<\/p>\n<p>&nbsp;<\/p>\n<p>Contabilit\u00e0<\/p>\n<p>e Fatturazione<\/p>\n<p>&#8221; content_hover_title=&#8221;Valeria Baccellino&#8221; content_hover_content=&#8221;<\/p>\n<p>Punto fermo dell\u2019organizzazione interna, si occupa della contabilit\u00e0 generale e della gestione delle pratiche fiscali e documentali. Attenta ai dettagli e orientata all\u2019efficienza, garantisce ordine e trasparenza in ogni processo amministrativo, contribuendo al buon funzionamento dell\u2019intera struttura.<\/p>\n<p>&#8221; hover_type=&#8221;fade&#8221; hover_box_align_front=&#8221;bottom&#8221; content_bg_color=&#8221;#ffffff&#8221; content_hover_bg_color=&#8221;#a9eadf&#8221; content_bg_use_color_gradient=&#8221;on&#8221; content_bg_color_gradient_stops=&#8221;rgba(21,2,42,0) 55%|rgba(21,2,42,0.53) 77%&#8221; content_bg_color_gradient_overlays_image=&#8221;on&#8221; content_bg_color_gradient_start=&#8221;rgba(21,2,42,0)&#8221; content_bg_color_gradient_start_position=&#8221;55%&#8221; content_bg_color_gradient_end=&#8221;rgba(21,2,42,0.53)&#8221; content_bg_color_gradient_end_position=&#8221;77%&#8221; content_bg_image=&#8221;https:\/\/gruppoguerci.it\/wp-content\/uploads\/2025\/11\/VALERIA-BACCELLINO.png&#8221; content_bg_blend=&#8221;multiply&#8221; _builder_version=&#8221;4.27.4&#8243; content_title_font=&#8221;|700|||||||&#8221; content_title_text_color=&#8221;#ffffff&#8221; content_title_font_size=&#8221;24px&#8221; content_title_line_height=&#8221;1em&#8221; content_desc_font=&#8221;|700||on|||||&#8221; content_desc_text_color=&#8221;#ff4200&#8243; content_desc_font_size=&#8221;12px&#8221; content_desc_letter_spacing=&#8221;2px&#8221; content_desc_line_height=&#8221;0em&#8221; content_hover_title_font=&#8221;|700|||||||&#8221; content_hover_title_font_size=&#8221;24px&#8221; content_hover_title_line_height=&#8221;0.8em&#8221; content_hover_desc_font=&#8221;||||||||&#8221; content_hover_desc_font_size=&#8221;14px&#8221; content_hover_desc_line_height=&#8221;1.6em&#8221; custom_padding=&#8221;||||false|false&#8221; hover_enabled=&#8221;0&#8243; border_radii=&#8221;on|10px|10px|10px|10px&#8221; border_radii_content_image=&#8221;on|200px|200px|200px|200px&#8221; box_shadow_style=&#8221;preset1&#8243; box_shadow_vertical=&#8221;20px&#8221; box_shadow_blur=&#8221;60px&#8221; box_shadow_color=&#8221;rgba(21,2,42,0.1)&#8221; box_shadow_style_content_image=&#8221;preset3&#8243; global_colors_info=&#8221;{%22gcid-primary-color%22:%91%22content_hover_title_text_color%22%93,%22gcid-d6fbdfcc-68f7-43b2-8269-815a9019fb41%22:%91%22content_hover_desc_text_color%22%93}&#8221; overlay_bg_color_gradient_type_tablet=&#8221;linear&#8221; overlay_bg_color_gradient_type_phone=&#8221;linear&#8221; overlay_bg_color_gradient_type__hover=&#8221;linear&#8221; image_bg_color_gradient_type__hover=&#8221;linear&#8221; content_hover_bg_enable_color=&#8221;on&#8221; sticky_enabled=&#8221;0&#8243; content_hover_title_text_color=&#8221;gcid-primary-color&#8221; content_hover_desc_text_color=&#8221;gcid-d6fbdfcc-68f7-43b2-8269-815a9019fb41&#8243;][\/dipi_hover_box][\/et_pb_column][\/et_pb_row][\/et_pb_section]<\/p>\n","protected":false},"excerpt":{"rendered":"<p>Da oltre settant\u2019anni, Guerci \u00e8 un punto di riferimento per chi ama il pesce fresco e la cucina di qualit\u00e0. La nostra storia nasce nel cuore di Siracusa, come piccola pescheria di quartiere guidata dalla famiglia Guerci. Con il tempo, la passione per il mare si \u00e8 trasformata in un progetto pi\u00f9 ampio: selezionare ogni [&hellip;]<\/p>\n","protected":false},"author":3,"featured_media":0,"parent":0,"menu_order":0,"comment_status":"closed","ping_status":"closed","template":"","meta":{"_et_pb_use_builder":"on","_et_pb_old_content":"","_et_gb_content_width":"","footnotes":""},"dipi_cpt_category":[],"class_list":["post-25957368","page","type-page","status-publish","hentry"],"_links":{"self":[{"href":"https:\/\/gruppoguerci.it\/index.php\/wp-json\/wp\/v2\/pages\/25957368","targetHints":{"allow":["GET"]}}],"collection":[{"href":"https:\/\/gruppoguerci.it\/index.php\/wp-json\/wp\/v2\/pages"}],"about":[{"href":"https:\/\/gruppoguerci.it\/index.php\/wp-json\/wp\/v2\/types\/page"}],"author":[{"embeddable":true,"href":"https:\/\/gruppoguerci.it\/index.php\/wp-json\/wp\/v2\/users\/3"}],"replies":[{"embeddable":true,"href":"https:\/\/gruppoguerci.it\/index.php\/wp-json\/wp\/v2\/comments?post=25957368"}],"version-history":[{"count":26,"href":"https:\/\/gruppoguerci.it\/index.php\/wp-json\/wp\/v2\/pages\/25957368\/revisions"}],"predecessor-version":[{"id":25957523,"href":"https:\/\/gruppoguerci.it\/index.php\/wp-json\/wp\/v2\/pages\/25957368\/revisions\/25957523"}],"wp:attachment":[{"href":"https:\/\/gruppoguerci.it\/index.php\/wp-json\/wp\/v2\/media?parent=25957368"}],"wp:term":[{"taxonomy":"dipi_cpt_category","embeddable":true,"href":"https:\/\/gruppoguerci.it\/index.php\/wp-json\/wp\/v2\/dipi_cpt_category?post=25957368"}],"curies":[{"name":"wp","href":"https:\/\/api.w.org\/{rel}","templated":true}]}}